en 112 is divided by 21.
7
What is the remainder when 78 is divided by 21?
15
What is the remainder when 499 is divided by 57?
43
Calculate the remainder when 6184 is divided by 23.
20
Calculate the remainder when 415 is divided by 134.
13
Calculate the remainder when 1011 is divided by 996.
15
Calculate the remainder when 144 is divided by 1.
0
Calculate the remainder when 107 is divided by 46.
15
Calculate the remainder when 12985 is divided by 27.
25
What is the remainder when 481 is divided by 20?
1
What is the remainder when 374 is divided by 351?
23
Calculate the remainder when 910 is divided by 451.
8
What is the remainder when 87 is divided by 74?
13
What is the remainder when 69 is divided by 13?
4
What is the remainder when 104 is divided by 47?
10
What is the remainder when 584 is divided by 38?
14
What is the remainder when 227 is divided by 2?
1
What is the remainder when 116 is divided by 13?
12
Calculate the remainder when 469 is divided by 59.
56
Calculate the remainder when 662 is divided by 19.
16
Calculate the remainder when 198 is divided by 16.
6
Calculate the remainder when 730 is divided by 147.
142
Calculate the remainder when 49 is divided by 43.
6
What is the remainder when 387 is divided by 23?
19
What is the remainder when 3077 is divided by 613?
12
What is the remainder when 175 is divided by 15?
10
What is the remainder when 5275 is divided by 30?
25
Calculate the remainder when 45 is divided by 25.
20
Calculate the remainder when 402 is divided by 45.
42
What is the remainder when 74 is divided by 25?
24
Calculate the remainder when 136 is divided by 71.
65
Calculate the remainder when 91 is divided by 37.
17
Calculate the remainder when 270 is divided by 2.
0
What is the remainder when 331 is divided by 86?
73
What is the remainder when 640 is divided by 208?
16
Calculate the remainder when 15818 is divided by 113.
111
Calculate the remainder when 96 is divided by 35.
26
Calculate the remainder when 243 is divided by 64.
51
What is the remainder when 2449 is divided by 276?
241
What is the remainder when 93 is divided by 34?
25
Calculate the remainder when 2007 is divided by 8.
7
Calculate the remainder when 232 is divided by 117.
115
Calculate the remainder when 1140 is divided by 378.
6
What is the remainder when 667 is divided by 42?
37
What is the remainder when 786 is divided by 254?
24
Calculate the remainder when 133 is divided by 80.
53
What is the remainder when 90 is divided by 25?
15
Calculate the remainder when 57 is divided by 15.
12
Calculate the remainder when 552 is divided by 165.
57
Calculate the remainder when 295 is divided by 11.
9
Calculate the remainder when 63 is divided by 32.
31
What is the remainder when 911 is divided by 131?
125
What is the remainder when 847 is divided by 216?
199
Calculate the remainder when 28 is divided by 24.
4
What is the remainder when 1207 is divided by 300?
7
Calculate the remainder when 113 is divided by 60.
53
Calculate the remainder when 664 is divided by 95.
94
What is the remainder when 3609 is divided by 14?
11
Calculate the remainder when 321 is divided by 27.
24
What is the remainder when 111 is divided by 23?
19
Calculate the remainder when 146 is divided by 53.
40
Calculate the remainder when 1019 is divided by 60.
59
What is the remainder when 113 is divided by 30?
23
What is the remainder when 565 is divided by 189?
187
What is the remainder when 460 is divided by 93?
88
What is the remainder when 447 is divided by 50?
47
Calculate the remainder when 1408 is divided by 281.
3
Calculate the remainder when 39 is divided by 10.
9
Calculate the remainder when 171 is divided by 90.
81
Calculate the remainder when 161 is divided by 49.
14
What is the remainder when 394 is divided by 46?
26
What is the remainder when 2882 is divided by 49?
40
Calculate the remainder when 52 is divided by 46.
6
Calculate the remainder when 25 is divided by 1.
0
What is the remainder when 2433 is divided by 29?
26
What is the remainder when 26 is divided by 19?
7
Calculate the remainder when 605 is divided by 264.
77
Calculate the remainder when 4592 is divided by 1530.
2
Calculate the remainder when 193 is divided by 40.
33
What is the remainder when 9695 is divided by 20?
15
What is the remainder when 930 is divided by 104?
98
Calculate the remainder when 359 is divided by 84.
23
Calculate the remainder when 112 is divided by 32.
16
What is the remainder when 562 is divided by 6?
4
What is the remainder when 1046 is divided by 519?
8
What is the remainder when 9175 is divided by 62?
61
Calculate the remainder when 462 is divided by 58.
56
What is the remainder when 1381 is divided by 1354?
27
Calculate the remainder when 889 is divided by 27.
25
Calculate the remainder when 92 is divided by 14.
8
Calculate the remainder when 980 is divided by 201.
176
Calculate the remainder when 379 is divided by 166.
47
What is the remainder when 836 is divided by 14?
10
What is the remainder when 105 is divided by 12?
9
Calculate the remainder when 185 is divided by 31.
30
What is the remainder when 282 is divided by 22?
18
What is the remainder when 957 is divided by 18?
3
Calculate the remainder when 822 is divided by 62.
16
Calculate the remainder when 136 is divided by 36.
28
Calculate the remainder when 225 is divided by 67.
24
What is the remainder when 1709 is divided by 8?
5
Calculate the remainder when 333 is divided by 54.
9
What is the remainder when 685 is divided by 98?
97
Calculate the remainder when 15273 is divided by 12.
9
What is the remainder when 134 is divided by 73?
61
Calculate the remainder when 7590 is divided by 759.
0
Calculate the remainder when 2024 is divided by 337.
2
Calculate the remainder when 694 is divided by 686.
8
Calculate the remainder when 16 is divided by 6.
4
What is the remainder when 28 is divided by 16?
12
Calculate the remainder when 845 is divided by 76.
9
What is the remainder when 206 is divided by 19?
16
What is the remainder when 2973 is divided by 35?
33
Calculate the remainder when 29 is divided by 4.
1
Calculate the remainder when 3696 is divided by 1227.
15
Calculate the remainder when 125 is divided by 7.
6
Calculate the remainder when 280 is divided by 57.
52
Calculate the remainder when 3001 is divided by 2998.
3
Calculate the remainder when 232 is divided by 100.
32
What is the remainder when 13 is divided by 5?
3
Calculate the remainder when 380 is divided by 30.
20
What is the remainder when 496 is divided by 28?
20
What is the remainder when 561 is divided by 182?
15
Calculate the remainder when 97 is divided by 28.
13
Calculate the remainder when 7677 is divided by 22.
21
Calculate the remainder when 126 is divided by 24.
6
What is the remainder when 163 is divided by 4?
3
Calculate the remainder when 165 is divided by 2.
1
Calculate the remainder when 293 is divided by 271.
22
Calculate the remainder when 2027 is divided by 58.
55
What is the remainder when 283 is divided by 268?
15
What is the remainder when 248 is divided by 52?
40
Calculate the remainder when 195 is divided by 8.
3
What is the remainder when 109 is divided by 82?
27
Calculate the remainder when 83 is divided by 43.
40
Calculate the remainder when 4297 is divided by 7.
6
Calculate the remainder when 2427 is divided by 135.
132
Calculate the remainder when 1595 is divided by 40.
35
Calculate the remainder when 1 is divided by 1.
0
Calculate the remainder when 154 is divided by 26.
24
Calculate the remainder when 52 is divided by 27.
25
What is the remainder when 2141 is divided by 9?
8
Calculate the remainder when 329 is divided by 112.
105
Calculate the remainder when 1372 is divided by 25.
22
Calculate the remainder when 2038 is divided by 676.
10
What is the remainder when 12610 is divided by 56?
10
What is the remainder when 1179 is divided by 393?
0
Calculate the remainder when 479 is divided by 15.
14
What is the remainder when 388 is divided by 84?
52
What is the remainder when 53 is divided by 18?
17
Calculate the remainder when 523 is divided by 16.
11
Calculate the remainder when 354 is divided by 98.
60
What is the remainder when 2448 is divided by 812?
12
Calculate the remainder when 306 is divided by 5.
1
What is the remainder when 68